{"id":419,"date":"2017-12-06T11:13:13","date_gmt":"2017-12-06T13:13:13","guid":{"rendered":"https:\/\/agenciamarketingdigital.net.br\/ecommerce\/?page_id=419"},"modified":"2018-01-17T10:07:11","modified_gmt":"2018-01-17T12:07:11","slug":"como-ter-um-e-commerce-de-sucesso","status":"publish","type":"page","link":"https:\/\/agenciamarketingdigital.net.br\/ecommerce\/como-ter-um-e-commerce-de-sucesso\/","title":{"rendered":"Como ter um E-commerce de Sucesso"},"content":{"rendered":"<h1>Etapa 1: Dicas para criar seu e-commerce<\/h1>\n<div class=\"jumbotron\">\n<div class=\"container\">\n<div class=\"page-title\">\n<h2>Registro de Dom\u00ednio<\/h2>\n<\/div>\n<h3>O dom\u00ednio \u00e9 o seu endere\u00e7o na internet, e deve fazer refer\u00eancia a sua empresa ou ao seu neg\u00f3cio.<\/h3>\n<blockquote><p><strong>Dica:<\/strong> N\u00e3o utilize s\u00edmbolos, n\u00fameros ou caracteres especiais.<\/p>\n<p><strong>Lembrete:<\/strong> O dom\u00ednio \u00e9 exclusivo, portanto, \u00e9 importante verificar sua disponibilidade.<br \/>\nVerifique aqui: <a href=\"https:\/\/registro.br\/\" target=\"_blank\" rel=\"noopener\">https:\/\/registro.br\/<\/a><\/p><\/blockquote>\n<hr \/>\n<div class=\"page-title\">\n<h2>Hospedagem de Site<\/h2>\n<\/div>\n<h3>A hospedagem \u00e9 respons\u00e1vel por armazenar os componentes do seu site, ou seja, arquivos, imagens e conte\u00fados.<\/h3>\n<div class=\"page-title\">\n<h4><strong> Preciso de qual hospedagem?<\/strong><\/h4>\n<\/div>\n<p>Antes, voc\u00ea precisa avaliar algumas caracter\u00edsticas que o seu site possui e qual a sua real necessidade.<\/p>\n<p><i class=\"fa fa-check fa-lg\" aria-hidden=\"true\"><\/i><strong> Tipo do seu site: <\/strong><\/p>\n<ul>\n<li>Site Institucional<\/li>\n<li>Blog Pessoal<\/li>\n<li>Portal de conte\u00fado<\/li>\n<\/ul>\n<p><i class=\"fa fa-check fa-lg\" aria-hidden=\"true\"><\/i> <strong>Previs\u00e3o do n\u00famero de visitantes<\/strong><\/p>\n<p><i class=\"fa fa-check fa-lg\" aria-hidden=\"true\"><\/i> <strong>Quanto espa\u00e7o \u00e9 preciso para armazenar os conte\u00fados<\/strong><\/p>\n<div class=\"page-title\">\n<h4><strong>Voc\u00ea pode escolher entre:<\/strong><\/h4>\n<\/div>\n<p><i class=\"fa fa-check fa-lg\" aria-hidden=\"true\"><\/i> <strong>Hospedagem Compartilhada:<\/strong><br \/>\nO melhor custo-benef\u00edcio.<br \/>\n\u00c9 um servidor compartilhado, ou seja, voc\u00ea e outras pessoas compartilham os recursos do servidor. Cada conta tem um acesso restrito e particular com recursos pr\u00e9-definidos.<\/p>\n<p><i class=\"fa fa-check fa-lg\" aria-hidden=\"true\"><\/i> <strong>Hospedagem WordPress:<\/strong><br \/>\nPlataforma totalmente otimizada para sites WordPress de todos os tamanhos, o servidor possui arquitetura que garante maior velocidade de carregamento do site, al\u00e9m de seguran\u00e7a e desempenho acima da m\u00e9dia<\/p>\n<p><i class=\"fa fa-check fa-lg\" aria-hidden=\"true\"><\/i> <strong>Servidor Dedicado:<\/strong><br \/>\nAlto desempenho e capacidade de processamento, \u00e9 indicado para sites e e-commerces com fluxo intenso de acessos, sistemas mais robustos, ou que necessitam de acesso root para instalar aplica\u00e7\u00f5es.<\/p>\n<hr \/>\n<div class=\"page-title\">\n<h2>E-mail profissional<\/h2>\n<\/div>\n<p>O e-mail profissional agrega valor e credibilidade a sua marca por usar o seu pr\u00f3prio dom\u00ednio, ex: contato@seudominio.com.br, ao contr\u00e1rio dos e-mails privados mais conhecidos (Gmail, Hotmail, Yahoo, entre outros).<\/p>\n<blockquote><p><strong>Dica:<\/strong> Antes de criar um e-mail profissional, voc\u00ea precisa registrar um dom\u00ednio.<\/p><\/blockquote>\n<hr \/>\n<div class=\"page-title\">\n<h2>Seguran\u00e7a do seu site<\/h2>\n<\/div>\n<p>Manter o seu site seguro \u00e9 primordial tanto para voc\u00ea quanto para o seu cliente, ainda mais em um e-commerce. Existem alguns recursos e boas pr\u00e1ticas que refor\u00e7am essa seguran\u00e7a.<\/p>\n<div class=\"page-title\">\n<h4><strong>Come\u00e7o por onde?<\/strong><\/h4>\n<\/div>\n<p><i class=\"fa fa-check fa-lg\" aria-hidden=\"true\"><\/i> <strong>Backup Online<\/strong><br \/>\nO Backup online \u00e9 uma c\u00f3pia de seguran\u00e7a autom\u00e1tica e exclusiva para o site, garantindo que arquivos e banco de dados possam ser facilmente recuperados em caso de danos, ataques, infec\u00e7\u00f5es e modifica\u00e7\u00f5es incorretas feitas pelo administrador.<\/p>\n<p><i class=\"fa fa-check fa-lg\" aria-hidden=\"true\"><\/i> <strong>Certificado SSL<\/strong><br \/>\nO certificado SSL \u00e9 um sistema que utiliza criptografia para codificar dados financeiros e evitar que terceiros acessem essas informa\u00e7\u00f5es. Al\u00e9m disso, o certificado SSL aumenta a relev\u00e2ncia do site nos resultados de busca do Google.<\/p>\n<p><i class=\"fa fa-check fa-lg\" aria-hidden=\"true\"><\/i> <strong>SiteLock (anti-v\u00edrus)<\/strong><br \/>\nO SiteLock detecta amea\u00e7as online que podem infectar os computadores dos visitantes. Al\u00e9m disso, ajuda a limpar o site antes que os malwares tenham chance de causar algum dano.<\/p>\n<hr \/>\n<div class=\"page-title\">\n<h2>Layout responsivo<\/h2>\n<\/div>\n<p>O layout de todo site ou e-commerce deve ser constru\u00eddo de maneira que seja adequado a todos os dispositivos dispon\u00edveis no mercado. Assim o cliente que acessa pelo smartphone, por exemplo, consegue navegar da mesma maneira que aquele que acessa o endere\u00e7o pelo notebook. Al\u00e9m disso, agrega maior efetividade nas vendas e possui prioridade nos resultados de busca do Google.<\/p>\n<p>O design responsivo proporciona a mesma experi\u00eancia de navega\u00e7\u00e3o a todos os usu\u00e1rios.<\/p>\n<p>De acordo com uma pesquisa realizada pelo Google, 89{6d90059b1846cde923d264dc32cc66adb4d73a3b482711378edc61fb5c65a3b6} dos usu\u00e1rios utilizam smartphones para procurar informa\u00e7\u00f5es, servi\u00e7os e produtos na internet.<\/p>\n<blockquote><p><strong>Dica:<\/strong> imagens pesadas influenciam diretamente no tempo de carregamento do site.<\/p><\/blockquote>\n<\/div>\n<\/div>\n<h1>Etapa 2: Dicas de Marketing Digital para o seu E-commerce<\/h1>\n<div class=\"well\">\n<div class=\"page-title\">\n<h2>Planejamento: crie um plano de Marketing espec\u00edfico<\/h2>\n<p>O planejamento de Marketing ser\u00e1 o mapa que ajudar\u00e1 a guiar suas ideias e pensamentos; ele \u00e9 vital para que voc\u00ea possa determinar como avan\u00e7ar e para onde, e como competir com maior efici\u00eancia.<\/p>\n<blockquote><p><strong>Dica:<\/strong> independente do setor de atua\u00e7\u00e3o, \u00e9 imprescind\u00edvel que voc\u00ea conhe\u00e7a de perto os seus concorrentes, quais estrat\u00e9gias utilizam para divulgar a sua marca e como conquistam os clientes.<\/p><\/blockquote>\n<hr \/>\n<div class=\"page-title\">\n<h2><strong>Gere Conte\u00fado<\/strong><\/h2>\n<\/div>\n<p>Em processos de vendas mais complexos ou em contrata\u00e7\u00e3o de servi\u00e7os, o consumidor costuma buscar muito mais do que pre\u00e7os baixos. Ele procura saber se a empresa realmente est\u00e1 apta a resolver o seu problema. A melhor forma da sua organiza\u00e7\u00e3o provar este valor \u00e9 atrav\u00e9s dos conte\u00fados do seu site ou blog. Aten\u00e7\u00e3o: n\u00e3o crie conte\u00fado s\u00f3 por criar. Estude sua persona, entenda sua dor e ofere\u00e7a materiais focados em suas necessidades.<\/p>\n<blockquote><p><strong>Dica:<\/strong> Bons conte\u00fados atraem a aten\u00e7\u00e3o por meio da educa\u00e7\u00e3o e promovem engajamento com o potencial cliente.<\/p><\/blockquote>\n<hr \/>\n<div class=\"page-title\">\n<h2>Vendas: facilite o fluxo de compra<\/h2>\n<\/div>\n<p>O cliente deve conseguir chegar ao produto que deseja em, no m\u00e1ximo, tr\u00eas cliques. Para isso, a organiza\u00e7\u00e3o dos itens deve ser como uma prateleira, com filtros de busca \u00fateis e inteligentes.<\/p>\n<blockquote><p><strong>Dica:<\/strong> Nada de criar formul\u00e1rios muito extensos at\u00e9 a confirma\u00e7\u00e3o da compra.<\/p><\/blockquote>\n<hr \/>\n<div class=\"page-title\">\n<h2>Produtos: esclare\u00e7a os pontos essenciais da sua solu\u00e7\u00e3o<\/h2>\n<\/div>\n<p>Coloque-se no lugar do seu cliente: quais informa\u00e7\u00f5es voc\u00ea iria querer saber sobre um produto? Por exemplo, se voc\u00ea tem uma loja de camisetas, informa\u00e7\u00f5es como tamanho, tipo de tecido, cores, pre\u00e7o, frete, pol\u00edtica de devolu\u00e7\u00e3o e fotos de alta qualidade s\u00e3o essenciais.<br \/>\nAgora, se o seu produto \u00e9 mais complexo, como um maquin\u00e1rio, talvez valha a pena oferecer um v\u00eddeo explicativo ou PDF com especificidades para que o consumidor saiba mais sobre a solu\u00e7\u00e3o.<\/p>\n<blockquote><p><strong>Lembrete:<\/strong> se o seu cliente tiver alguma d\u00favida sobre o seu produto e o seu site n\u00e3o san\u00e1-la, ele certamente procurar\u00e1 outra op\u00e7\u00e3o.<\/p><\/blockquote>\n<hr \/>\n<div class=\"page-title\">\n<h2>Experi\u00eancia do cliente: foco no usu\u00e1rio<\/h2>\n<\/div>\n<p>Muitas empresas enxergam e-commerce apenas como um local de exposi\u00e7\u00e3o de produtos, quando na verdade, precisam v\u00ea-los como um canal de experi\u00eancia do seu usu\u00e1rio com a sua solu\u00e7\u00e3o.<br \/>\nAumentar a satisfa\u00e7\u00e3o do usu\u00e1rio, melhorando acessibilidade, usabilidade e efici\u00eancia da intera\u00e7\u00e3o do usu\u00e1rio com os sites \u00e9 vital para o sucesso do seu e-commerce.<\/p>\n<blockquote><p><strong>Dica:<\/strong> Focar na experi\u00eancia do seu usu\u00e1rio ajuda a capturar e manter a aten\u00e7\u00e3o do seu p\u00fablico atual e potencial.<\/p><\/blockquote>\n<hr \/>\n<div class=\"page-title\">\n<h2>Gest\u00e3o: Aten\u00e7\u00e3o \u00e0 cadeia de suprimentos de neg\u00f3cios<\/h2>\n<\/div>\n<p>A realiza\u00e7\u00e3o do pedido pode ocorrer nos bastidores, mas as suas consequ\u00eancias s\u00e3o sentidas, e muito!, pelos clientes. Mercadorias incorretas, danificadas, atrasadas ou perdidas podem garantir que o consumidor nunca mais volte ao seu site. Assim sendo, trabalhe para garantir que toda a sua cadeia de suprimentos esteja alinhada e pronta para atender qualquer demanda. S\u00f3 prometa o que voc\u00ea pode cumprir!<\/p>\n<blockquote><p><strong>Dicas:<\/strong><br \/>\n&#8211; Tenha um controle de estoque. Seja sempre pontual nas suas entregas;<br \/>\n&#8211; Tenha um canal de atendimento e um p\u00f3s venda para atender seus clientes.<\/p><\/blockquote>\n<hr \/>\n<div class=\"page-title\">\n<h2>Otimiza\u00e7\u00e3o: fique de olho no carrinho de compras<\/h2>\n<\/div>\n<p>Um dos grandes problemas da convers\u00e3o \u00e9 o abandono do carrinho de compras. Para amenizar isso, pense no carrinho de compras como uma landing page. Voc\u00ea deve manter as informa\u00e7\u00f5es de rodap\u00e9, com pol\u00edtica<br \/>\nde privacidade, op\u00e7\u00f5es de entrega etc., mas todos devem abrir na mesma p\u00e1gina. Voc\u00ea tamb\u00e9m pode permitir que os usu\u00e1rios naveguem por breadcrumbs no processo de compra, caso necessitem alterar alguma informa\u00e7\u00e3o (afinal, isso evita o \u201cvoltar\u201d do navegador).<\/p>\n<blockquote><p><strong>Lembrete:<\/strong> \u00c9 no carrinho que voc\u00ea pode oferecer cupons de desconto e outros produtos que se adequam ao desejo do cliente. Economize nas informa\u00e7\u00f5es solicitadas no momento do fechamento da compra.<\/p><\/blockquote>\n<hr \/>\n<div class=\"page-title\">\n<h2>M\u00e9tricas: configure o Funil de Vendas do Google Analytics<\/h2>\n<\/div>\n<p>Configurar um funil de vendas para as lojas virtuais \u00e9 essencial para o desempenho de todo e-commerce. Atrav\u00e9s dele, voc\u00ea cria segmentos de com\u00e9rcio eletr\u00f4nico clicando nas etapas do funil e nas setas de abandono nos relat\u00f3rios de comportamento de compras e de comportamento de checkout.<\/p>\n<blockquote><p><strong>Dica:<\/strong> As metas do Google Analytics servem para ajudar a avaliar se os objetivos de seu site est\u00e3o sendo cumpridos.<\/p><\/blockquote>\n<\/div>\n<\/div>\n<hr \/>\n<div class=\"row\">\n<div class=\"col-xs-12 col-md-6\">\n<h3>Solicite um Or\u00e7amento para desenvolvimento de sua Loja Virtual com WooCommerce ou entre em contato atrav\u00e9s do <img decoding=\"async\" src=\"https:\/\/agenciamarketingdigital.net.br\/ecommerce\/images\/whatsapp.png\" \/> (11) 98319-9056:<\/h3>\n<p><img loading=\"lazy\" decoding=\"async\" class=\"alignnone size-full wp-image-372\" src=\"https:\/\/agenciamarketingdigital.net.br\/ecommerce\/wp-content\/uploads\/2017\/07\/woocommerce-img.png\" alt=\"\" width=\"350\" height=\"350\" srcset=\"https:\/\/agenciamarketingdigital.net.br\/ecommerce\/wp-content\/uploads\/2017\/07\/woocommerce-img.png 350w, https:\/\/agenciamarketingdigital.net.br\/ecommerce\/wp-content\/uploads\/2017\/07\/woocommerce-img-150x150.png 150w, https:\/\/agenciamarketingdigital.net.br\/ecommerce\/wp-content\/uploads\/2017\/07\/woocommerce-img-300x300.png 300w\" sizes=\"auto, (max-width: 350px) 100vw, 350px\" \/><\/p>\n<\/div>\n<div class=\"col-xs-12 col-md-6\">\n<div class=\"well\">\n<div class=\"wpcf7 no-js\" id=\"wpcf7-f82-o1\" lang=\"pt-BR\" dir=\"ltr\">\n<div class=\"screen-reader-response\"><p role=\"status\" aria-live=\"polite\" aria-atomic=\"true\"><\/p> <ul><\/ul><\/div>\n<form action=\"\/ecommerce\/wp-json\/wp\/v2\/pages\/419#wpcf7-f82-o1\" method=\"post\" class=\"wpcf7-form init\" aria-label=\"Formul\u00e1rios de contato\" novalidate=\"novalidate\" data-status=\"init\">\n<div style=\"display: none;\">\n<input type=\"hidden\" name=\"_wpcf7\" value=\"82\" \/>\n<input type=\"hidden\" name=\"_wpcf7_version\" value=\"5.9.5\" \/>\n<input type=\"hidden\" name=\"_wpcf7_locale\" value=\"pt_BR\" \/>\n<input type=\"hidden\" name=\"_wpcf7_unit_tag\" value=\"wpcf7-f82-o1\" \/>\n<input type=\"hidden\" name=\"_wpcf7_container_post\" value=\"0\" \/>\n<input type=\"hidden\" name=\"_wpcf7_posted_data_hash\" value=\"\" \/>\n<\/div>\n<p><label> Seu nome (obrigat\u00f3rio)<br \/>\n<span class=\"wpcf7-form-control-wrap\" data-name=\"your-name\"><input size=\"40\" class=\"wpcf7-form-control wpcf7-text wpcf7-validates-as-required form-control\" aria-required=\"true\" aria-invalid=\"false\" value=\"\" type=\"text\" name=\"your-name\" \/><\/span> <\/label>\n<\/p>\n<p><label> Seu e-mail (obrigat\u00f3rio)<br \/>\n<span class=\"wpcf7-form-control-wrap\" data-name=\"your-email\"><input size=\"40\" class=\"wpcf7-form-control wpcf7-email wpcf7-validates-as-required wpcf7-text wpcf7-validates-as-email form-control\" aria-required=\"true\" aria-invalid=\"false\" value=\"\" type=\"email\" name=\"your-email\" \/><\/span> <\/label>\n<\/p>\n<p><label> Seu telefone (obrigat\u00f3rio)<br \/>\n<span class=\"wpcf7-form-control-wrap\" data-name=\"your-telefone\"><input size=\"40\" class=\"wpcf7-form-control wpcf7-tel wpcf7-validates-as-required wpcf7-text wpcf7-validates-as-tel form-control\" id=\"telefone\" aria-required=\"true\" aria-invalid=\"false\" value=\"\" type=\"tel\" name=\"your-telefone\" \/><\/span> <\/label>\n<\/p>\n<p><label> Seu Whatsapp<br \/>\n<span class=\"wpcf7-form-control-wrap\" data-name=\"your-whatsapp\"><input size=\"40\" class=\"wpcf7-form-control wpcf7-tel wpcf7-text wpcf7-validates-as-tel form-control\" id=\"whatsapp\" aria-invalid=\"false\" value=\"\" type=\"tel\" name=\"your-whatsapp\" \/><\/span><\/label>\n<\/p>\n<p><label> Seu Website<br \/>\n<span class=\"wpcf7-form-control-wrap\" data-name=\"url\"><input size=\"40\" class=\"wpcf7-form-control wpcf7-url wpcf7-text wpcf7-validates-as-url form-control\" aria-invalid=\"false\" value=\"\" type=\"url\" name=\"url\" \/><\/span> <\/label>\n<\/p>\n<p><label> Fa\u00e7a sua cota\u00e7\u00e3o<br \/>\n<span class=\"wpcf7-form-control-wrap\" data-name=\"your-message\"><textarea cols=\"40\" rows=\"10\" class=\"wpcf7-form-control wpcf7-textarea\" aria-invalid=\"false\" name=\"your-message\"><\/textarea><\/span> <\/label>\n<\/p>\n<p>[recaptcha]\n<\/p>\n<p><input class=\"wpcf7-form-control wpcf7-submit has-spinner\" type=\"submit\" value=\"Enviar\" \/>\n<\/p><div class=\"wpcf7-response-output\" aria-hidden=\"true\"><\/div>\n<\/form>\n<\/div>\n<\/div>\n<\/div>\n<\/div>\n<p><!-- Begin MailChimp Signup Form -->\n<link href=\"\/\/cdn-images.mailchimp.com\/embedcode\/classic-10_7.css\" rel=\"stylesheet\" type=\"text\/css\">\n<style type=\"text\/css\">\n\t#mc_embed_signup{background:#fff; clear:left; font:14px Helvetica,Arial,sans-serif; }\n\t\/* Add your own MailChimp form style overrides in your site stylesheet or in this style block.\n\t   We recommend moving this block and the preceding CSS link to the HEAD of your HTML file. *\/\n<\/style>\n<div id=\"mc_embed_signup\">\n<form action=\"https:\/\/agenciamarketingdigital.us17.list-manage.com\/subscribe\/post?u=3b9f2a3bf6c793edf5da9e0a5&amp;id=25f10d4727\" method=\"post\" id=\"mc-embedded-subscribe-form\" name=\"mc-embedded-subscribe-form\" class=\"validate\" target=\"_blank\" novalidate>\n<div id=\"mc_embed_signup_scroll\">\n<h2>Cadastre-se e receba nossos informativos:<\/h2>\n<div class=\"indicates-required\"><span class=\"asterisk\">*<\/span> indicates required<\/div>\n<div class=\"mc-field-group\">\n\t<label for=\"mce-EMAIL\">Email:  <span class=\"asterisk\">*<\/span><br \/>\n<\/label><br \/>\n\t<input type=\"email\" value=\"\" name=\"EMAIL\" class=\"required email\" id=\"mce-EMAIL\">\n<\/div>\n<div class=\"mc-field-group\">\n\t<label for=\"mce-FNAME\">Nome: <\/label><br \/>\n\t<input type=\"text\" value=\"\" name=\"FNAME\" class=\"\" id=\"mce-FNAME\">\n<\/div>\n<div id=\"mce-responses\" class=\"clear\">\n<div class=\"response\" id=\"mce-error-response\" style=\"display:none\"><\/div>\n<div class=\"response\" id=\"mce-success-response\" style=\"display:none\"><\/div>\n<\/p><\/div>\n<p>    <!-- real people should not fill this in and expect good things - do not remove this or risk form bot signups--><\/p>\n<div style=\"position: absolute; left: -5000px;\" aria-hidden=\"true\"><input type=\"text\" name=\"b_3b9f2a3bf6c793edf5da9e0a5_25f10d4727\" tabindex=\"-1\" value=\"\"><\/div>\n<div class=\"clear\"><input type=\"submit\" value=\"Subscribe\" name=\"subscribe\" id=\"mc-embedded-subscribe\" class=\"button\"><\/div>\n<\/p><\/div>\n<\/form>\n<\/div>\n<p><script type='text\/javascript' src='\/\/s3.amazonaws.com\/downloads.mailchimp.com\/js\/mc-validate.js'><\/script><script type='text\/javascript'>(function($) {window.fnames = new Array(); window.ftypes = new Array();fnames[0]='EMAIL';ftypes[0]='email';fnames[1]='FNAME';ftypes[1]='text';fnames[2]='LNAME';ftypes[2]='text'; \/**\n * Translated default messages for the $ validation plugin.\n * Locale: PT_PT\n *\/\n$.extend($.validator.messages, {\n\trequired: \"Campo de preenchimento obrigat&oacute;rio.\",\n\tremote: \"Por favor, corrija este campo.\",\n\temail: \"Por favor, introduza um endere&ccedil;o eletr&oacute;nico v&aacute;lido.\",\n\turl: \"Por favor, introduza um URL v&aacute;lido.\",\n\tdate: \"Por favor, introduza uma data v&aacute;lida.\",\n\tdateISO: \"Por favor, introduza uma data v&aacute;lida (ISO).\",\n\tnumber: \"Por favor, introduza um n&uacute;mero v&aacute;lido.\",\n\tdigits: \"Por favor, introduza apenas d&iacute;gitos.\",\n\tcreditcard: \"Por favor, introduza um n&uacute;mero de cart&atilde;o de cr&eacute;dito v&aacute;lido.\",\n\tequalTo: \"Por favor, introduza de novo o mesmo valor.\",\n\taccept: \"Por favor, introduza um ficheiro com uma extens&atilde;o v&aacute;lida.\",\n\tmaxlength: $.validator.format(\"Por favor, n&atilde;o introduza mais do que {0} caracteres.\"),\n\tminlength: $.validator.format(\"Por favor, introduza pelo menos {0} caracteres.\"),\n\trangelength: $.validator.format(\"Por favor, introduza entre {0} e {1} caracteres.\"),\n\trange: $.validator.format(\"Por favor, introduza um valor entre {0} e {1}.\"),\n\tmax: $.validator.format(\"Por favor, introduza um valor menor ou igual a {0}.\"),\n\tmin: $.validator.format(\"Por favor, introduza um valor maior ou igual a {0}.\")\n});}(jQuery));var $mcj = jQuery.noConflict(true);<\/script><br \/>\n<!--End mc_embed_signup--><\/p>\n","protected":false},"excerpt":{"rendered":"<div class=\"slide-text-bg2\"><span>Etapa 1: Dicas para criar seu e-commerce Registro de Dom\u00ednio O dom\u00ednio \u00e9 o seu endere\u00e7o na internet, e deve fazer refer\u00eancia a sua empresa ou ao seu n<\/span><\/div>\n<div class=\"slide-btn-area-sm\"><a href=\"https:\/\/agenciamarketingdigital.net.br\/ecommerce\/como-ter-um-e-commerce-de-sucesso\/\" class=\"slide-btn-sm\">Ler mais<\/a><\/div>\n","protected":false},"author":1,"featured_media":0,"parent":0,"menu_order":0,"comment_status":"closed","ping_status":"closed","template":"fullwidth.php","meta":{"footnotes":""},"class_list":["post-419","page","type-page","status-publish","hentry"],"_links":{"self":[{"href":"https:\/\/agenciamarketingdigital.net.br\/ecommerce\/wp-json\/wp\/v2\/pages\/419","targetHints":{"allow":["GET"]}}],"collection":[{"href":"https:\/\/agenciamarketingdigital.net.br\/ecommerce\/wp-json\/wp\/v2\/pages"}],"about":[{"href":"https:\/\/agenciamarketingdigital.net.br\/ecommerce\/wp-json\/wp\/v2\/types\/page"}],"author":[{"embeddable":true,"href":"https:\/\/agenciamarketingdigital.net.br\/ecommerce\/wp-json\/wp\/v2\/users\/1"}],"replies":[{"embeddable":true,"href":"https:\/\/agenciamarketingdigital.net.br\/ecommerce\/wp-json\/wp\/v2\/comments?post=419"}],"version-history":[{"count":61,"href":"https:\/\/agenciamarketingdigital.net.br\/ecommerce\/wp-json\/wp\/v2\/pages\/419\/revisions"}],"predecessor-version":[{"id":546,"href":"https:\/\/agenciamarketingdigital.net.br\/ecommerce\/wp-json\/wp\/v2\/pages\/419\/revisions\/546"}],"wp:attachment":[{"href":"https:\/\/agenciamarketingdigital.net.br\/ecommerce\/wp-json\/wp\/v2\/media?parent=419"}],"curies":[{"name":"wp","href":"https:\/\/api.w.org\/{rel}","templated":true}]}}